{"id":1669,"date":"2025-07-02T16:01:19","date_gmt":"2025-07-02T20:01:19","guid":{"rendered":"https:\/\/petiteitalie.com\/?page_id=1669"},"modified":"2025-08-20T14:45:48","modified_gmt":"2025-08-20T18:45:48","slug":"partners","status":"publish","type":"page","link":"https:\/\/petiteitalie.com\/en\/partners\/","title":{"rendered":"Partners"},"content":{"rendered":"\n<p>Thank you to the partners of SDC Petite Italie &#8211; Jean-Talon Market who help bring the neighborhood to life all year round.<\/p>\n\n\n\n<div class=\"wp-block-columns is-layout-flex wp-container-core-columns-is-layout-28f84493 wp-block-columns-is-layout-flex\">\n<div class=\"wp-block-column is-layout-flow wp-block-column-is-layout-flow\">\n<figure class=\"wp-block-image size-full is-resized\"><img decoding=\"async\" width=\"800\" height=\"800\" src=\"https:\/\/petiteitalie.com\/wp-content\/uploads\/2025\/07\/rosemont-petite-patrie-logo.png\" alt=\"\" class=\"wp-image-1661\" style=\"width:249px;height:auto\" srcset=\"https:\/\/petiteitalie.com\/wp-content\/uploads\/2025\/07\/rosemont-petite-patrie-logo.png 800w, https:\/\/petiteitalie.com\/wp-content\/uploads\/2025\/07\/rosemont-petite-patrie-logo-300x300.png 300w, https:\/\/petiteitalie.com\/wp-content\/uploads\/2025\/07\/rosemont-petite-patrie-logo-150x150.png 150w, https:\/\/petiteitalie.com\/wp-content\/uploads\/2025\/07\/rosemont-petite-patrie-logo-768x768.png 768w\" sizes=\"(max-width: 800px) 100vw, 800px\" \/><\/figure>\n\n\n\n<p class=\"has-text-align-center\">Arrondissement de Rosemont La Petite-Patrie<\/p>\n\n\n\n<figure class=\"wp-block-image size-full\"><img decoding=\"async\" width=\"800\" height=\"800\" src=\"https:\/\/petiteitalie.com\/wp-content\/uploads\/2025\/07\/prosciutto-di-parma.png\" alt=\"\" class=\"wp-image-1659\" srcset=\"https:\/\/petiteitalie.com\/wp-content\/uploads\/2025\/07\/prosciutto-di-parma.png 800w, https:\/\/petiteitalie.com\/wp-content\/uploads\/2025\/07\/prosciutto-di-parma-300x300.png 300w, https:\/\/petiteitalie.com\/wp-content\/uploads\/2025\/07\/prosciutto-di-parma-150x150.png 150w, https:\/\/petiteitalie.com\/wp-content\/uploads\/2025\/07\/prosciutto-di-parma-768x768.png 768w\" sizes=\"(max-width: 800px) 100vw, 800px\" \/><\/figure>\n\n\n\n<p class=\"has-text-align-center\">Prosciutto di Parma<\/p>\n\n\n\n<figure class=\"wp-block-image size-full\"><img decoding=\"async\" width=\"800\" height=\"800\" src=\"https:\/\/petiteitalie.com\/wp-content\/uploads\/2025\/07\/vision-mediterraneenne-logo.png\" alt=\"\" class=\"wp-image-1663\" srcset=\"https:\/\/petiteitalie.com\/wp-content\/uploads\/2025\/07\/vision-mediterraneenne-logo.png 800w, https:\/\/petiteitalie.com\/wp-content\/uploads\/2025\/07\/vision-mediterraneenne-logo-300x300.png 300w, https:\/\/petiteitalie.com\/wp-content\/uploads\/2025\/07\/vision-mediterraneenne-logo-150x150.png 150w, https:\/\/petiteitalie.com\/wp-content\/uploads\/2025\/07\/vision-mediterraneenne-logo-768x768.png 768w\" sizes=\"(max-width: 800px) 100vw, 800px\" \/><\/figure>\n\n\n\n<p class=\"has-text-align-center\">Vision M\u00e9dit\u00e9rran\u00e9enne<\/p>\n<\/div>\n\n\n\n<div class=\"wp-block-column is-layout-constrained wp-block-column-is-layout-constrained\">\n<figure class=\"wp-block-image size-full\"><img decoding=\"async\" width=\"800\" height=\"800\" src=\"https:\/\/petiteitalie.com\/wp-content\/uploads\/2025\/07\/marche-jean-talon-mjt-logo.png\" alt=\"\" class=\"wp-image-1657\" srcset=\"https:\/\/petiteitalie.com\/wp-content\/uploads\/2025\/07\/marche-jean-talon-mjt-logo.png 800w, https:\/\/petiteitalie.com\/wp-content\/uploads\/2025\/07\/marche-jean-talon-mjt-logo-300x300.png 300w, https:\/\/petiteitalie.com\/wp-content\/uploads\/2025\/07\/marche-jean-talon-mjt-logo-150x150.png 150w, https:\/\/petiteitalie.com\/wp-content\/uploads\/2025\/07\/marche-jean-talon-mjt-logo-768x768.png 768w\" sizes=\"(max-width: 800px) 100vw, 800px\" \/><\/figure>\n\n\n\n<p class=\"has-text-align-center\">March\u00e9 Jean-Talon<\/p>\n\n\n\n<figure class=\"wp-block-image size-full\"><img decoding=\"async\" width=\"800\" height=\"800\" src=\"https:\/\/petiteitalie.com\/wp-content\/uploads\/2025\/07\/cnic-logo.png\" alt=\"\" class=\"wp-image-1649\" srcset=\"https:\/\/petiteitalie.com\/wp-content\/uploads\/2025\/07\/cnic-logo.png 800w, https:\/\/petiteitalie.com\/wp-content\/uploads\/2025\/07\/cnic-logo-300x300.png 300w, https:\/\/petiteitalie.com\/wp-content\/uploads\/2025\/07\/cnic-logo-150x150.png 150w, https:\/\/petiteitalie.com\/wp-content\/uploads\/2025\/07\/cnic-logo-768x768.png 768w\" sizes=\"(max-width: 800px) 100vw, 800px\" \/><\/figure>\n\n\n\n<p class=\"has-text-align-center\">Congr\u00e8s national des Italo-Canadiens<\/p>\n\n\n\n<figure class=\"wp-block-image size-full\"><img decoding=\"async\" width=\"800\" height=\"800\" src=\"https:\/\/petiteitalie.com\/wp-content\/uploads\/2025\/07\/funambules-medias-logo.png\" alt=\"\" class=\"wp-image-1651\" srcset=\"https:\/\/petiteitalie.com\/wp-content\/uploads\/2025\/07\/funambules-medias-logo.png 800w, https:\/\/petiteitalie.com\/wp-content\/uploads\/2025\/07\/funambules-medias-logo-300x300.png 300w, https:\/\/petiteitalie.com\/wp-content\/uploads\/2025\/07\/funambules-medias-logo-150x150.png 150w, https:\/\/petiteitalie.com\/wp-content\/uploads\/2025\/07\/funambules-medias-logo-768x768.png 768w\" sizes=\"(max-width: 800px) 100vw, 800px\" \/><\/figure>\n\n\n\n<p class=\"has-text-align-center\">Funambules Medias<\/p>\n<\/div>\n\n\n\n<div class=\"wp-block-column is-layout-flow wp-block-column-is-layout-flow\">\n<figure class=\"wp-block-image size-full\"><img decoding=\"async\" width=\"800\" height=\"800\" src=\"https:\/\/petiteitalie.com\/wp-content\/uploads\/2025\/07\/instituto-italiano-di-cultura-logo.png\" alt=\"\" class=\"wp-image-1653\" srcset=\"https:\/\/petiteitalie.com\/wp-content\/uploads\/2025\/07\/instituto-italiano-di-cultura-logo.png 800w, https:\/\/petiteitalie.com\/wp-content\/uploads\/2025\/07\/instituto-italiano-di-cultura-logo-300x300.png 300w, https:\/\/petiteitalie.com\/wp-content\/uploads\/2025\/07\/instituto-italiano-di-cultura-logo-150x150.png 150w, https:\/\/petiteitalie.com\/wp-content\/uploads\/2025\/07\/instituto-italiano-di-cultura-logo-768x768.png 768w\" sizes=\"(max-width: 800px) 100vw, 800px\" \/><\/figure>\n\n\n\n<p class=\"has-text-align-center\">Institut Italien de Culture<\/p>\n\n\n\n<figure class=\"wp-block-image size-full\"><img decoding=\"async\" width=\"800\" height=\"800\" src=\"https:\/\/petiteitalie.com\/wp-content\/uploads\/2025\/07\/italfestmtl-logo.png\" alt=\"\" class=\"wp-image-1655\" srcset=\"https:\/\/petiteitalie.com\/wp-content\/uploads\/2025\/07\/italfestmtl-logo.png 800w, https:\/\/petiteitalie.com\/wp-content\/uploads\/2025\/07\/italfestmtl-logo-300x300.png 300w, https:\/\/petiteitalie.com\/wp-content\/uploads\/2025\/07\/italfestmtl-logo-150x150.png 150w, https:\/\/petiteitalie.com\/wp-content\/uploads\/2025\/07\/italfestmtl-logo-768x768.png 768w\" sizes=\"(max-width: 800px) 100vw, 800px\" \/><\/figure>\n\n\n\n<p class=\"has-text-align-center\">ItalfestMTL<\/p>\n<\/div>\n<\/div>\n","protected":false},"excerpt":{"rendered":"<p>Thank you to the partners of SDC Petite Italie &#8211; Jean-Talon Market who help bring the neighborhood to life all&hellip;<\/p>\n","protected":false},"author":4,"featured_media":0,"parent":0,"menu_order":0,"comment_status":"closed","ping_status":"closed","template":"","meta":{"_acf_changed":false,"footnotes":""},"class_list":["post-1669","page","type-page","status-publish","hentry"],"acf":[],"_links":{"self":[{"href":"https:\/\/petiteitalie.com\/en\/wp-json\/wp\/v2\/pages\/1669","targetHints":{"allow":["GET"]}}],"collection":[{"href":"https:\/\/petiteitalie.com\/en\/wp-json\/wp\/v2\/pages"}],"about":[{"href":"https:\/\/petiteitalie.com\/en\/wp-json\/wp\/v2\/types\/page"}],"author":[{"embeddable":true,"href":"https:\/\/petiteitalie.com\/en\/wp-json\/wp\/v2\/users\/4"}],"replies":[{"embeddable":true,"href":"https:\/\/petiteitalie.com\/en\/wp-json\/wp\/v2\/comments?post=1669"}],"version-history":[{"count":3,"href":"https:\/\/petiteitalie.com\/en\/wp-json\/wp\/v2\/pages\/1669\/revisions"}],"predecessor-version":[{"id":1879,"href":"https:\/\/petiteitalie.com\/en\/wp-json\/wp\/v2\/pages\/1669\/revisions\/1879"}],"wp:attachment":[{"href":"https:\/\/petiteitalie.com\/en\/wp-json\/wp\/v2\/media?parent=1669"}],"curies":[{"name":"wp","href":"https:\/\/api.w.org\/{rel}","templated":true}]}}

<p>Thank you to the partners of SDC Petite Italie &#8211; Jean-Talon Market who help bring the neighborhood to life all year round.</p>



<div class="wp-block-columns is-layout-flex wp-container-core-columns-is-layout-28f84493 wp-block-columns-is-layout-flex">
<div class="wp-block-column is-layout-flow wp-block-column-is-layout-flow">
<figure class="wp-block-image size-full is-resized"><img decoding="async" width="800" height="800" src="https://petiteitalie.com/wp-content/uploads/2025/07/rosemont-petite-patrie-logo.png" alt="" class="wp-image-1661" style="width:249px;height:auto" srcset="https://petiteitalie.com/wp-content/uploads/2025/07/rosemont-petite-patrie-logo.png 800w, https://petiteitalie.com/wp-content/uploads/2025/07/rosemont-petite-patrie-logo-300x300.png 300w, https://petiteitalie.com/wp-content/uploads/2025/07/rosemont-petite-patrie-logo-150x150.png 150w, https://petiteitalie.com/wp-content/uploads/2025/07/rosemont-petite-patrie-logo-768x768.png 768w" sizes="(max-width: 800px) 100vw, 800px" /></figure>



<p class="has-text-align-center">Arrondissement de Rosemont La Petite-Patrie</p>



<figure class="wp-block-image size-full"><img decoding="async" width="800" height="800" src="https://petiteitalie.com/wp-content/uploads/2025/07/prosciutto-di-parma.png" alt="" class="wp-image-1659" srcset="https://petiteitalie.com/wp-content/uploads/2025/07/prosciutto-di-parma.png 800w, https://petiteitalie.com/wp-content/uploads/2025/07/prosciutto-di-parma-300x300.png 300w, https://petiteitalie.com/wp-content/uploads/2025/07/prosciutto-di-parma-150x150.png 150w, https://petiteitalie.com/wp-content/uploads/2025/07/prosciutto-di-parma-768x768.png 768w" sizes="(max-width: 800px) 100vw, 800px" /></figure>



<p class="has-text-align-center">Prosciutto di Parma</p>



<figure class="wp-block-image size-full"><img decoding="async" width="800" height="800" src="https://petiteitalie.com/wp-content/uploads/2025/07/vision-mediterraneenne-logo.png" alt="" class="wp-image-1663" srcset="https://petiteitalie.com/wp-content/uploads/2025/07/vision-mediterraneenne-logo.png 800w, https://petiteitalie.com/wp-content/uploads/2025/07/vision-mediterraneenne-logo-300x300.png 300w, https://petiteitalie.com/wp-content/uploads/2025/07/vision-mediterraneenne-logo-150x150.png 150w, https://petiteitalie.com/wp-content/uploads/2025/07/vision-mediterraneenne-logo-768x768.png 768w" sizes="(max-width: 800px) 100vw, 800px" /></figure>



<p class="has-text-align-center">Vision Méditérranéenne</p>
</div>



<div class="wp-block-column is-layout-constrained wp-block-column-is-layout-constrained">
<figure class="wp-block-image size-full"><img decoding="async" width="800" height="800" src="https://petiteitalie.com/wp-content/uploads/2025/07/marche-jean-talon-mjt-logo.png" alt="" class="wp-image-1657" srcset="https://petiteitalie.com/wp-content/uploads/2025/07/marche-jean-talon-mjt-logo.png 800w, https://petiteitalie.com/wp-content/uploads/2025/07/marche-jean-talon-mjt-logo-300x300.png 300w, https://petiteitalie.com/wp-content/uploads/2025/07/marche-jean-talon-mjt-logo-150x150.png 150w, https://petiteitalie.com/wp-content/uploads/2025/07/marche-jean-talon-mjt-logo-768x768.png 768w" sizes="(max-width: 800px) 100vw, 800px" /></figure>



<p class="has-text-align-center">Marché Jean-Talon</p>



<figure class="wp-block-image size-full"><img decoding="async" width="800" height="800" src="https://petiteitalie.com/wp-content/uploads/2025/07/cnic-logo.png" alt="" class="wp-image-1649" srcset="https://petiteitalie.com/wp-content/uploads/2025/07/cnic-logo.png 800w, https://petiteitalie.com/wp-content/uploads/2025/07/cnic-logo-300x300.png 300w, https://petiteitalie.com/wp-content/uploads/2025/07/cnic-logo-150x150.png 150w, https://petiteitalie.com/wp-content/uploads/2025/07/cnic-logo-768x768.png 768w" sizes="(max-width: 800px) 100vw, 800px" /></figure>



<p class="has-text-align-center">Congrès national des Italo-Canadiens</p>



<figure class="wp-block-image size-full"><img decoding="async" width="800" height="800" src="https://petiteitalie.com/wp-content/uploads/2025/07/funambules-medias-logo.png" alt="" class="wp-image-1651" srcset="https://petiteitalie.com/wp-content/uploads/2025/07/funambules-medias-logo.png 800w, https://petiteitalie.com/wp-content/uploads/2025/07/funambules-medias-logo-300x300.png 300w, https://petiteitalie.com/wp-content/uploads/2025/07/funambules-medias-logo-150x150.png 150w, https://petiteitalie.com/wp-content/uploads/2025/07/funambules-medias-logo-768x768.png 768w" sizes="(max-width: 800px) 100vw, 800px" /></figure>



<p class="has-text-align-center">Funambules Medias</p>
</div>



<div class="wp-block-column is-layout-flow wp-block-column-is-layout-flow">
<figure class="wp-block-image size-full"><img decoding="async" width="800" height="800" src="https://petiteitalie.com/wp-content/uploads/2025/07/instituto-italiano-di-cultura-logo.png" alt="" class="wp-image-1653" srcset="https://petiteitalie.com/wp-content/uploads/2025/07/instituto-italiano-di-cultura-logo.png 800w, https://petiteitalie.com/wp-content/uploads/2025/07/instituto-italiano-di-cultura-logo-300x300.png 300w, https://petiteitalie.com/wp-content/uploads/2025/07/instituto-italiano-di-cultura-logo-150x150.png 150w, https://petiteitalie.com/wp-content/uploads/2025/07/instituto-italiano-di-cultura-logo-768x768.png 768w" sizes="(max-width: 800px) 100vw, 800px" /></figure>



<p class="has-text-align-center">Institut Italien de Culture</p>



<figure class="wp-block-image size-full"><img decoding="async" width="800" height="800" src="https://petiteitalie.com/wp-content/uploads/2025/07/italfestmtl-logo.png" alt="" class="wp-image-1655" srcset="https://petiteitalie.com/wp-content/uploads/2025/07/italfestmtl-logo.png 800w, https://petiteitalie.com/wp-content/uploads/2025/07/italfestmtl-logo-300x300.png 300w, https://petiteitalie.com/wp-content/uploads/2025/07/italfestmtl-logo-150x150.png 150w, https://petiteitalie.com/wp-content/uploads/2025/07/italfestmtl-logo-768x768.png 768w" sizes="(max-width: 800px) 100vw, 800px" /></figure>



<p class="has-text-align-center">ItalfestMTL</p>
</div>
</div>
