{"id":1558,"date":"2025-06-11T09:35:39","date_gmt":"2025-06-11T13:35:39","guid":{"rendered":"https:\/\/petiteitalie.com\/?post_type=event&#038;p=1558"},"modified":"2025-08-19T16:27:43","modified_gmt":"2025-08-19T20:27:43","slug":"marche-jean-talons-events","status":"publish","type":"event","link":"https:\/\/petiteitalie.com\/en\/events-not-to-be-missed\/marche-jean-talons-events\/","title":{"rendered":"March\u00e9 Jean-Talon&#8217;s events"},"content":{"rendered":"\n<p>Jean-Talon market organizes events all season long. Here are the upcoming events this summer:<\/p>\n\n\n<section class=\"block-accordions-group accordion-container aligndefault\">\n  \n<div id=\"watercolor-workshop-june-14\" class=\"accordion ac\">\n  <div class=\"accordion__accordion\">\n    <button class=\"accordion__header-row accordion-toggle ac-header ac-trigger\">\n      <p class=\"accordion__header__title\">        Watercolor workshop &#8211; June 14      <\/p>      <span class=\"accordion__header__icon\" role=\"presentation\">\n        <span class=\"plus\"><\/span>\n      <\/span>\n    <\/button>\n    <div class=\"accordion__sub-rows wysiwyg ac-panel\">\n      \n\n<p>March\u00e9 Jean-Talon invites you to take part in a\u00a0<strong>free watercolor workshop on Saturday, June 14 at 10 am or 3 pm<\/strong>. At this workshop led by River June, you\u2019ll learn the essential techniques for painting a variety of subjects in watercolor, and leave with your own creation.<br><a href=\"https:\/\/www.marchespublics-mtl.com\/fr\/evenements\/atelier-daquarelle\" target=\"_blank\" rel=\"noreferrer noopener\">More info<\/a><\/p>\n\n    <\/div>\n  <\/div>\n<\/div>\n\n\n<div id=\"urban-agriculture-workshop-discover-edible-flowers-june-15\" class=\"accordion ac\">\n  <div class=\"accordion__accordion\">\n    <button class=\"accordion__header-row accordion-toggle ac-header ac-trigger\">\n      <p class=\"accordion__header__title\">        Urban agriculture workshop: discover edible flowers &#8211; June 15      <\/p>      <span class=\"accordion__header__icon\" role=\"presentation\">\n        <span class=\"plus\"><\/span>\n      <\/span>\n    <\/button>\n    <div class=\"accordion__sub-rows wysiwyg ac-panel\">\n      \n\n<p>March\u00e9 Jean-Talon invites you to take part in a\u00a0<strong>free workshop on Sunday June 15 at 1, 2 or 3 pm.<\/strong>\u00a0During this workshop, led by Chlo\u00e9 from Jardin de la Devinette, you\u2019ll discover the\u00a0<strong>different varieties of edible flowers<\/strong>\u00a0and transplant your favorite flower to decorate your summer dishes.<br><a href=\"https:\/\/www.marchespublics-mtl.com\/fr\/evenements\/atelier-dagriculture-urbaine-decouvrir-les-fleurs-comestibles\" target=\"_blank\" rel=\"noreferrer noopener\">More info<\/a><\/p>\n\n    <\/div>\n  <\/div>\n<\/div>\n\n\n<div id=\"fruit-and-vegetable-carving-workshop-carving-carrots-and-cucumbers-june-21\" class=\"accordion ac\">\n  <div class=\"accordion__accordion\">\n    <button class=\"accordion__header-row accordion-toggle ac-header ac-trigger\">\n      <p class=\"accordion__header__title\">        Fruit and vegetable carving workshop \/ Carving carrots and cucumbers &#8211; June 21      <\/p>      <span class=\"accordion__header__icon\" role=\"presentation\">\n        <span class=\"plus\"><\/span>\n      <\/span>\n    <\/button>\n    <div class=\"accordion__sub-rows wysiwyg ac-panel\">\n      \n\n<p>March\u00e9 Jean-Talon invites you to take part in a\u00a0<strong>free fruit and vegetable carving workshop on Saturday, June 21 at 1pm.<\/strong><br>Hosted by artist sculptor Mia Bureau, this creative workshop invites children (aged 9 and over) and their parents or grandparents to work together to transform fresh fruit and vegetables into sculpted flowers and foliage. In pairs or as a family, come and discover the material in a different way, hone your artistic eye and celebrate the beauty of living things with sensitivity.<br><a href=\"https:\/\/www.marchespublics-mtl.com\/fr\/evenements\/atelier-de-sculpture-sur-legumes-sculpture-de-carottes-concombres\" target=\"_blank\" rel=\"noreferrer noopener\">More info<\/a><\/p>\n\n    <\/div>\n  <\/div>\n<\/div>\n\n\n<div id=\"festivete-july-5\" class=\"accordion ac\">\n  <div class=\"accordion__accordion\">\n    <button class=\"accordion__header-row accordion-toggle ac-header ac-trigger\">\n      <p class=\"accordion__header__title\">        Festiv\u2019\u00e9t\u00e9 &#8211; July 5      <\/p>      <span class=\"accordion__header__icon\" role=\"presentation\">\n        <span class=\"plus\"><\/span>\n      <\/span>\n    <\/button>\n    <div class=\"accordion__sub-rows wysiwyg ac-panel\">\n      \n\n<p>What better way to celebrate summer and the heat of summer than with\u00a0<strong>an event celebrating all things spicy<\/strong>? Festiv\u2019\u00e9t\u00e9 \u00e9dition piquante is back at March\u00e9 Jean-Talon, with a\u00a0<strong>a delicious free program highlighting all things spicy and the artisans behind them.<\/strong>\u00a0\u00a0Join us on Saturday, July 5, from 10 a.m. to 6 p.m.!<br><a href=\"https:\/\/www.marchespublics-mtl.com\/fr\/evenements\/festivete\" target=\"_blank\" rel=\"noreferrer noopener\">More info<\/a><\/p>\n\n    <\/div>\n  <\/div>\n<\/div>\n\n\n<div id=\"festin-du-marche-july-11-12\" class=\"accordion ac\">\n  <div class=\"accordion__accordion\">\n    <button class=\"accordion__header-row accordion-toggle ac-header ac-trigger\">\n      <p class=\"accordion__header__title\">        Festin du March\u00e9 &#8211; July 11-12      <\/p>      <span class=\"accordion__header__icon\" role=\"presentation\">\n        <span class=\"plus\"><\/span>\n      <\/span>\n    <\/button>\n    <div class=\"accordion__sub-rows wysiwyg ac-panel\">\n      \n\n<p>11-12 July<br>Jean-Talon Market invites food lovers to its first\u00a0<strong>Festin du March\u00e9<\/strong>! For this first edition, a five-course meal, imagined and cooked entirely by a brigade of women chefs, from the earth to the table, will be served.<br><a href=\"https:\/\/www.marchespublics-mtl.com\/en\/evenements\/festin-du-marche\" target=\"_blank\" rel=\"noreferrer noopener\">More info<\/a><\/p>\n\n    <\/div>\n  <\/div>\n<\/div>\n\n\n<div id=\"foire-des-vins-et-cidres-dici-august-10-11\" class=\"accordion ac\">\n  <div class=\"accordion__accordion\">\n    <button class=\"accordion__header-row accordion-toggle ac-header ac-trigger\">\n      <p class=\"accordion__header__title\">        Foire des vins et cidres d&#039;ici &#8211; August 10-11      <\/p>      <span class=\"accordion__header__icon\" role=\"presentation\">\n        <span class=\"plus\"><\/span>\n      <\/span>\n    <\/button>\n    <div class=\"accordion__sub-rows wysiwyg ac-panel\">\n      \n\n<p>9-10 August<br>The Local Wine and Cider Fair (Foire des vins et cidres d\u2019ici) awaits you\u00a0<strong>at Jean-Talon Market on Saturday, August 9, and Sunday, August 10, from 11 a.m. to 7 p.m.<\/strong>\u00a0This festive event will be the perfect opportunity to taste a wide variety of wines and ciders at affordable prices, stock up on your favorite bottles, and enjoy a festive aperitif in the heart of the market. Come celebrate the wine and cider producers of our regions!<br><a href=\"https:\/\/www.marchespublics-mtl.com\/en\/events\/foire-vins-cidres-dici-at-jean-talon-market\" target=\"_blank\" rel=\"noreferrer noopener\">More info<\/a><\/p>\n\n    <\/div>\n  <\/div>\n<\/div>\n\n\n<div id=\"harvest-festival-septembre-6-7\" class=\"accordion ac\">\n  <div class=\"accordion__accordion\">\n    <button class=\"accordion__header-row accordion-toggle ac-header ac-trigger\">\n      <p class=\"accordion__header__title\">        Harvest Festival &#8211; Septembre 6-7      <\/p>      <span class=\"accordion__header__icon\" role=\"presentation\">\n        <span class=\"plus\"><\/span>\n      <\/span>\n    <\/button>\n    <div class=\"accordion__sub-rows wysiwyg ac-panel\">\n      \n\n<p>An abundance of fruits and vegetables has arrived at Jean-Talon Market! Join us for the Harvest Festival on September 6 and 7 to celebrate local farmers and the bounty of the harvest. A full weekend of free entertainment, cooking workshops, and fun activities awaits you.<br><br>On the program: free cooking demonstrations, paid hands-on workshops (registration required), corn galore, face painting for children, a local refreshment bar, and festive music.<br><strong>Saturday: 10 a.m. to 6 p.m.<br>Sunday: 1 p.m. to 6 p.m.<\/strong><br><br><a href=\"https:\/\/www.marchespublics-mtl.com\/en\/evenements\/fete-recoltes-marche-jean-talon\" target=\"_blank\" rel=\"noopener\">More info<\/a><\/p>\n\n    <\/div>\n  <\/div>\n<\/div>\n\n\n<div id=\"fermentfest-septembre-13-14\" class=\"accordion ac\">\n  <div class=\"accordion__accordion\">\n    <button class=\"accordion__header-row accordion-toggle ac-header ac-trigger\">\n      <p class=\"accordion__header__title\">        FermentFest &#8211; Septembre 13-14      <\/p>      <span class=\"accordion__header__icon\" role=\"presentation\">\n        <span class=\"plus\"><\/span>\n      <\/span>\n    <\/button>\n    <div class=\"accordion__sub-rows wysiwyg ac-panel\">\n      \n\n<h4 class=\"wp-block-heading\">Ferment Fest Mtl celebrates its 5th edition at Jean-Talon Market! Come discover the magic of kombucha, sauerkraut, bread, kimchi, and much more on September 13 and 14.<\/h4>\n\n\n\n<p>Organized by Isabelle Dupuy and Robert Paradis, in collaboration with\u00a0<a href=\"https:\/\/www.fermentons.com\/\" target=\"_blank\" rel=\"noopener\">Ferment<\/a>, a boutique specializing in artisanal fermentation, Ferment Fest Montreal is a gourmet and educational event dedicated to the fascinating world of fermentation.<br><br><a href=\"https:\/\/www.marchespublics-mtl.com\/en\/events\/ferment-fest-mtl\" target=\"_blank\" rel=\"noopener\">Complete program<\/a><br><a href=\"https:\/\/www.fermentfestmtl.com\/programmation\" target=\"_blank\" rel=\"noopener\">More info<\/a><\/p>\n\n    <\/div>\n  <\/div>\n<\/div>\n\n<\/section>\n","protected":false},"featured_media":1560,"template":"","event-category":[87],"class_list":["post-1558","event","type-event","status-publish","has-post-thumbnail","hentry","event-category-saison-2025-en"],"acf":[],"_links":{"self":[{"href":"https:\/\/petiteitalie.com\/en\/wp-json\/wp\/v2\/event\/1558","targetHints":{"allow":["GET"]}}],"collection":[{"href":"https:\/\/petiteitalie.com\/en\/wp-json\/wp\/v2\/event"}],"about":[{"href":"https:\/\/petiteitalie.com\/en\/wp-json\/wp\/v2\/types\/event"}],"wp:featuredmedia":[{"embeddable":true,"href":"https:\/\/petiteitalie.com\/en\/wp-json\/wp\/v2\/media\/1560"}],"wp:attachment":[{"href":"https:\/\/petiteitalie.com\/en\/wp-json\/wp\/v2\/media?parent=1558"}],"wp:term":[{"taxonomy":"event-category","embeddable":true,"href":"https:\/\/petiteitalie.com\/en\/wp-json\/wp\/v2\/event-category?post=1558"}],"curies":[{"name":"wp","href":"https:\/\/api.w.org\/{rel}","templated":true}]}}

Marché Jean-Talon&#8217;s events

<p>Jean-Talon market organizes events all season long. Here are the upcoming events this summer:</p>


<section class="block-accordions-group accordion-container aligndefault">
  
<div id="watercolor-workshop-june-14" class="accordion ac">
  <div class="accordion__accordion">
    <button class="accordion__header-row accordion-toggle ac-header ac-trigger">
      <p class="accordion__header__title">        Watercolor workshop &#8211; June 14      </p>      <span class="accordion__header__icon" role="presentation">
        <span class="plus"></span>
      </span>
    </button>
    <div class="accordion__sub-rows wysiwyg ac-panel">
      

<p>Marché Jean-Talon invites you to take part in a <strong>free watercolor workshop on Saturday, June 14 at 10 am or 3 pm</strong>. At this workshop led by River June, you’ll learn the essential techniques for painting a variety of subjects in watercolor, and leave with your own creation.<br><a href="https://www.marchespublics-mtl.com/fr/evenements/atelier-daquarelle" target="_blank" rel="noreferrer noopener">More info</a></p>

    </div>
  </div>
</div>


<div id="urban-agriculture-workshop-discover-edible-flowers-june-15" class="accordion ac">
  <div class="accordion__accordion">
    <button class="accordion__header-row accordion-toggle ac-header ac-trigger">
      <p class="accordion__header__title">        Urban agriculture workshop: discover edible flowers &#8211; June 15      </p>      <span class="accordion__header__icon" role="presentation">
        <span class="plus"></span>
      </span>
    </button>
    <div class="accordion__sub-rows wysiwyg ac-panel">
      

<p>Marché Jean-Talon invites you to take part in a <strong>free workshop on Sunday June 15 at 1, 2 or 3 pm.</strong> During this workshop, led by Chloé from Jardin de la Devinette, you’ll discover the <strong>different varieties of edible flowers</strong> and transplant your favorite flower to decorate your summer dishes.<br><a href="https://www.marchespublics-mtl.com/fr/evenements/atelier-dagriculture-urbaine-decouvrir-les-fleurs-comestibles" target="_blank" rel="noreferrer noopener">More info</a></p>

    </div>
  </div>
</div>


<div id="fruit-and-vegetable-carving-workshop-carving-carrots-and-cucumbers-june-21" class="accordion ac">
  <div class="accordion__accordion">
    <button class="accordion__header-row accordion-toggle ac-header ac-trigger">
      <p class="accordion__header__title">        Fruit and vegetable carving workshop / Carving carrots and cucumbers &#8211; June 21      </p>      <span class="accordion__header__icon" role="presentation">
        <span class="plus"></span>
      </span>
    </button>
    <div class="accordion__sub-rows wysiwyg ac-panel">
      

<p>Marché Jean-Talon invites you to take part in a <strong>free fruit and vegetable carving workshop on Saturday, June 21 at 1pm.</strong><br>Hosted by artist sculptor Mia Bureau, this creative workshop invites children (aged 9 and over) and their parents or grandparents to work together to transform fresh fruit and vegetables into sculpted flowers and foliage. In pairs or as a family, come and discover the material in a different way, hone your artistic eye and celebrate the beauty of living things with sensitivity.<br><a href="https://www.marchespublics-mtl.com/fr/evenements/atelier-de-sculpture-sur-legumes-sculpture-de-carottes-concombres" target="_blank" rel="noreferrer noopener">More info</a></p>

    </div>
  </div>
</div>


<div id="festivete-july-5" class="accordion ac">
  <div class="accordion__accordion">
    <button class="accordion__header-row accordion-toggle ac-header ac-trigger">
      <p class="accordion__header__title">        Festiv’été &#8211; July 5      </p>      <span class="accordion__header__icon" role="presentation">
        <span class="plus"></span>
      </span>
    </button>
    <div class="accordion__sub-rows wysiwyg ac-panel">
      

<p>What better way to celebrate summer and the heat of summer than with <strong>an event celebrating all things spicy</strong>? Festiv’été édition piquante is back at Marché Jean-Talon, with a <strong>a delicious free program highlighting all things spicy and the artisans behind them.</strong>  Join us on Saturday, July 5, from 10 a.m. to 6 p.m.!<br><a href="https://www.marchespublics-mtl.com/fr/evenements/festivete" target="_blank" rel="noreferrer noopener">More info</a></p>

    </div>
  </div>
</div>


<div id="festin-du-marche-july-11-12" class="accordion ac">
  <div class="accordion__accordion">
    <button class="accordion__header-row accordion-toggle ac-header ac-trigger">
      <p class="accordion__header__title">        Festin du Marché &#8211; July 11-12      </p>      <span class="accordion__header__icon" role="presentation">
        <span class="plus"></span>
      </span>
    </button>
    <div class="accordion__sub-rows wysiwyg ac-panel">
      

<p>11-12 July<br>Jean-Talon Market invites food lovers to its first <strong>Festin du Marché</strong>! For this first edition, a five-course meal, imagined and cooked entirely by a brigade of women chefs, from the earth to the table, will be served.<br><a href="https://www.marchespublics-mtl.com/en/evenements/festin-du-marche" target="_blank" rel="noreferrer noopener">More info</a></p>

    </div>
  </div>
</div>


<div id="foire-des-vins-et-cidres-dici-august-10-11" class="accordion ac">
  <div class="accordion__accordion">
    <button class="accordion__header-row accordion-toggle ac-header ac-trigger">
      <p class="accordion__header__title">        Foire des vins et cidres d&#039;ici &#8211; August 10-11      </p>      <span class="accordion__header__icon" role="presentation">
        <span class="plus"></span>
      </span>
    </button>
    <div class="accordion__sub-rows wysiwyg ac-panel">
      

<p>9-10 August<br>The Local Wine and Cider Fair (Foire des vins et cidres d’ici) awaits you <strong>at Jean-Talon Market on Saturday, August 9, and Sunday, August 10, from 11 a.m. to 7 p.m.</strong> This festive event will be the perfect opportunity to taste a wide variety of wines and ciders at affordable prices, stock up on your favorite bottles, and enjoy a festive aperitif in the heart of the market. Come celebrate the wine and cider producers of our regions!<br><a href="https://www.marchespublics-mtl.com/en/events/foire-vins-cidres-dici-at-jean-talon-market" target="_blank" rel="noreferrer noopener">More info</a></p>

    </div>
  </div>
</div>


<div id="harvest-festival-septembre-6-7" class="accordion ac">
  <div class="accordion__accordion">
    <button class="accordion__header-row accordion-toggle ac-header ac-trigger">
      <p class="accordion__header__title">        Harvest Festival &#8211; Septembre 6-7      </p>      <span class="accordion__header__icon" role="presentation">
        <span class="plus"></span>
      </span>
    </button>
    <div class="accordion__sub-rows wysiwyg ac-panel">
      

<p>An abundance of fruits and vegetables has arrived at Jean-Talon Market! Join us for the Harvest Festival on September 6 and 7 to celebrate local farmers and the bounty of the harvest. A full weekend of free entertainment, cooking workshops, and fun activities awaits you.<br><br>On the program: free cooking demonstrations, paid hands-on workshops (registration required), corn galore, face painting for children, a local refreshment bar, and festive music.<br><strong>Saturday: 10 a.m. to 6 p.m.<br>Sunday: 1 p.m. to 6 p.m.</strong><br><br><a href="https://www.marchespublics-mtl.com/en/evenements/fete-recoltes-marche-jean-talon" target="_blank" rel="noopener">More info</a></p>

    </div>
  </div>
</div>


<div id="fermentfest-septembre-13-14" class="accordion ac">
  <div class="accordion__accordion">
    <button class="accordion__header-row accordion-toggle ac-header ac-trigger">
      <p class="accordion__header__title">        FermentFest &#8211; Septembre 13-14      </p>      <span class="accordion__header__icon" role="presentation">
        <span class="plus"></span>
      </span>
    </button>
    <div class="accordion__sub-rows wysiwyg ac-panel">
      

<h4 class="wp-block-heading">Ferment Fest Mtl celebrates its 5th edition at Jean-Talon Market! Come discover the magic of kombucha, sauerkraut, bread, kimchi, and much more on September 13 and 14.</h4>



<p>Organized by Isabelle Dupuy and Robert Paradis, in collaboration with <a href="https://www.fermentons.com/" target="_blank" rel="noopener">Ferment</a>, a boutique specializing in artisanal fermentation, Ferment Fest Montreal is a gourmet and educational event dedicated to the fascinating world of fermentation.<br><br><a href="https://www.marchespublics-mtl.com/en/events/ferment-fest-mtl" target="_blank" rel="noopener">Complete program</a><br><a href="https://www.fermentfestmtl.com/programmation" target="_blank" rel="noopener">More info</a></p>

    </div>
  </div>
</div>

</section>
